{"id":220,"date":"2024-03-08T04:51:10","date_gmt":"2024-03-08T04:51:10","guid":{"rendered":"https:\/\/fcfm.uas.edu.mx\/?page_id=220"},"modified":"2024-03-08T04:51:10","modified_gmt":"2024-03-08T04:51:10","slug":"normatividad","status":"publish","type":"page","link":"https:\/\/fcfm.uas.edu.mx\/index.php\/normatividad\/","title":{"rendered":"Normatividad"},"content":{"rendered":"\n<p>La reglamentaci\u00f3n que rige el ingreso, tr\u00e1nsito, permanencia y egreso de las y los estudiantes en la Unidad Acad\u00e9mica Facultad de Ciencias F\u00edsico-Matem\u00e1ticas es: <\/p>\n\n\n\n<ul class=\"wp-block-list\">\n<li><a href=\"https:\/\/fcfm.uas.edu.mx\/wp-content\/uploads\/2025\/02\/LEY_ORGANICA.pdf\" target=\"_blank\" rel=\"noreferrer noopener\">Ley Org\u00e1nica de la Universidad Aut\u00f3noma de Sinaloa<\/a><\/li>\n\n\n\n<li><a href=\"https:\/\/fcfm.uas.edu.mx\/wp-content\/uploads\/2025\/02\/Estatuto_General.pdf\" target=\"_blank\" rel=\"noreferrer noopener\">Estatuto General de la Universidad Aut\u00f3noma de Sinaloa<\/a> <\/li>\n\n\n\n<li><a href=\"https:\/\/fcfm.uas.edu.mx\/wp-content\/uploads\/2025\/02\/Modelo_Educativo2022.pdf\" target=\"_blank\" rel=\"noreferrer noopener\">Modelo Educativo de la Universidad Aut\u00f3noma de Sinaloa (2022)<\/a> <\/li>\n\n\n\n<li><a href=\"https:\/\/fcfm.uas.edu.mx\/wp-content\/uploads\/2025\/03\/Modelo_Academico_UAS_2017.pdf\" target=\"_blank\" rel=\"noreferrer noopener\">Modelo Acad\u00e9mico de la Universidad Aut\u00f3noma de Sinaloa<\/a><\/li>\n\n\n\n<li><a href=\"https:\/\/fcfm.uas.edu.mx\/wp-content\/uploads\/2025\/02\/PDI_con_vision_de_futuro_2025.pdf\" target=\"_blank\" rel=\"noreferrer noopener\">Plan de Desarrollo Institucional Con Visi\u00f3n de Futuro 2025<\/a><\/li>\n<\/ul>\n\n\n\n<p><strong>Reglamentos<\/strong> <strong>Institucionales<\/strong><\/p>\n\n\n\n<ul class=\"wp-block-list\">\n<li><a href=\"https:\/\/fcfm.uas.edu.mx\/wp-content\/uploads\/2025\/02\/Reglamento_Escolar_UAS_2023.pdf\" target=\"_blank\" rel=\"noreferrer noopener\">Reglamento Escolar<\/a><\/li>\n\n\n\n<li><a href=\"https:\/\/fcfm.uas.edu.mx\/wp-content\/uploads\/2025\/02\/Reglamento_de_Servicio_Social_Universitario_UAS_2022.pdf\" target=\"_blank\" rel=\"noreferrer noopener\">Reglamento de Servicio Social<\/a> <\/li>\n\n\n\n<li><a href=\"https:\/\/fcfm.uas.edu.mx\/wp-content\/uploads\/2025\/02\/Reglamento_de_la_Defensoria_de_los_Derechos_Universitarios_UAS_2023.pdf\" target=\"_blank\" rel=\"noreferrer noopener\">Reglamento de la Defensor\u00eda de los Derechos Universitarios<\/a> <\/li>\n\n\n\n<li><a href=\"https:\/\/fcfm.uas.edu.mx\/wp-content\/uploads\/2025\/02\/Reglamento-General-de-Vinculacion.pdf\">Reglamento General de Vinculaci\u00f3n y Relaciones Internacionales<\/a> <\/li>\n\n\n\n<li><a href=\"https:\/\/fcfm.uas.edu.mx\/wp-content\/uploads\/2025\/02\/Reglamento_de_Intercambio_y_Movilidad_Estudiantil_UAS_2023.pdf\" target=\"_blank\" rel=\"noreferrer noopener\">Reglamento de Intercambio y Movilidad Estudiantil<\/a> <\/li>\n\n\n\n<li><a href=\"https:\/\/fcfm.uas.edu.mx\/wp-content\/uploads\/2025\/03\/Reglamento_General_de_Educacion_Continua_UAS_2023.pdf\" target=\"_blank\" rel=\"noreferrer noopener\">Reglamento General de Educaci\u00f3n Continua<\/a>  <\/li>\n\n\n\n<li><a href=\"https:\/\/fcfm.uas.edu.mx\/wp-content\/uploads\/2025\/03\/Reglamento_General_de_Posgrado_UAS_2023.pdf\" target=\"_blank\" rel=\"noreferrer noopener\">Reglamento de Posgrado<\/a> <\/li>\n\n\n\n<li><a href=\"https:\/\/fcfm.uas.edu.mx\/wp-content\/uploads\/2025\/03\/Codigo_de_Etica_Codigo_de_Conducta_UAS_2023.pdf\" target=\"_blank\" rel=\"noreferrer noopener\">C\u00f3digo de \u00c9tica y C\u00f3digo de Conducta<\/a><\/li>\n\n\n\n<li><a href=\"https:\/\/fcfm.uas.edu.mx\/wp-content\/uploads\/2025\/03\/Reglamento_CENTRO_DE_POLITICAS_2023.pdf\" target=\"_blank\" rel=\"noreferrer noopener\">Hostigamiento y Acoso Sexual en la UAS <\/a><\/li>\n\n\n\n<li><a href=\"https:\/\/fcfm.uas.edu.mx\/wp-content\/uploads\/2025\/03\/Reglamento-de-Titulacion.pdf\" target=\"_blank\" rel=\"noreferrer noopener\">Reglamento de Titulaci\u00f3n<\/a><\/li>\n\n\n\n<li><a href=\"https:\/\/fcfm.uas.edu.mx\/wp-content\/uploads\/2025\/03\/Reglamento_Especial_de_Admision_UAS_2023.pdf\" target=\"_blank\" rel=\"noreferrer noopener\">Reglamento Especial de Admisi\u00f3n<\/a><\/li>\n\n\n\n<li><a href=\"https:\/\/fcfm.uas.edu.mx\/wp-content\/uploads\/2025\/03\/Reglamento_General_del_Sistema_Bibliotecario_de_la_Universidad_Autonoma_de_Sinaloa_SIBIUAS_UAS_2022.pdf\" target=\"_blank\" rel=\"noreferrer noopener\">Reglamento General de Sistema Bibliotecario<\/a><\/li>\n\n\n\n<li><a href=\"https:\/\/fcfm.uas.edu.mx\/wp-content\/uploads\/2025\/03\/Reglamento_del_Programa_Institucional_de_Tutorias_UAS_2022.pdf\" target=\"_blank\" rel=\"noreferrer noopener\">Reglamento del Sistema Institucional de Tutor\u00edas<\/a><\/li>\n\n\n\n<li><a href=\"https:\/\/fcfm.uas.edu.mx\/wp-content\/uploads\/2025\/03\/Reglamento_de_Intercambio_y_Movilidad_Estudiantil_UAS_2023.pdf\" target=\"_blank\" rel=\"noreferrer noopener\">Reglamento de Intercambio y movilidad acad\u00e9mica<\/a><\/li>\n\n\n\n<li><a href=\"https:\/\/fcfm.uas.edu.mx\/wp-content\/uploads\/2025\/03\/Reglamento_del_Patrimonio_Universitario_UAS_2023.pdf\" target=\"_blank\" rel=\"noreferrer noopener\">Reglamento del Patrimonio Universitario<\/a><\/li>\n\n\n\n<li><a href=\"https:\/\/fcfm.uas.edu.mx\/wp-content\/uploads\/2025\/03\/Reglamento_de_Practicas_Profesionales_UAS_2022.pdf\" target=\"_blank\" rel=\"noreferrer noopener\">Reglamento de la Pr\u00e1cticas Profesionales<\/a><\/li>\n<\/ul>\n\n\n\n<p><strong>Reglamentos Internos<\/strong><\/p>\n\n\n\n<ul class=\"wp-block-list\">\n<li><a href=\"https:\/\/fcfm.uas.edu.mx\/wp-content\/uploads\/2025\/03\/Reglamento-Interno-de-Biblioteca-FCFM.pdf\" target=\"_blank\" rel=\"noreferrer noopener\">Reglamento de la Biblioteca<\/a><\/li>\n\n\n\n<li><a href=\"https:\/\/fcfm.uas.edu.mx\/wp-content\/uploads\/2025\/03\/Reglamento-Interno-de-Evaluacion-FCFM.pdf\" target=\"_blank\" rel=\"noreferrer noopener\">Reglamento Interno de Evaluaci\u00f3n<\/a><\/li>\n\n\n\n<li><a href=\"https:\/\/fcfm.uas.edu.mx\/wp-content\/uploads\/2025\/03\/Reg_Centro_Computo_FCFM.pdf\" target=\"_blank\" rel=\"noreferrer noopener\">Reglamento del Centro de C\u00f3mputo<\/a><\/li>\n\n\n\n<li><a href=\"https:\/\/fcfm.uas.edu.mx\/wp-content\/uploads\/2025\/03\/Reglamento-de-presentacion-de-tesis-de-nivel-licenciatura.pdf\" target=\"_blank\" rel=\"noreferrer noopener\">Reglamento de la presentaci\u00f3n de tesis de H. Comisi\u00f3n Acad\u00e9mica de Titulaci\u00f3n<\/a><\/li>\n\n\n\n<li><a href=\"https:\/\/fcfm.uas.edu.mx\/wp-content\/uploads\/2025\/03\/Reglamento-de-seguridad-electrica.pdf\" target=\"_blank\" rel=\"noreferrer noopener\">Reglamento de Seguridad El\u00e9ctrica<\/a><\/li>\n<\/ul>\n","protected":false},"excerpt":{"rendered":"<p>La reglamentaci\u00f3n que rige el ingreso, tr\u00e1nsito, permanencia y egreso de las y los estudiantes en la Unidad Acad\u00e9mica Facultad [&hellip;]<\/p>\n","protected":false},"author":1,"featured_media":0,"parent":0,"menu_order":0,"comment_status":"closed","ping_status":"closed","template":"","meta":{"footnotes":""},"class_list":["post-220","page","type-page","status-publish","hentry"],"_links":{"self":[{"href":"https:\/\/fcfm.uas.edu.mx\/index.php\/wp-json\/wp\/v2\/pages\/220","targetHints":{"allow":["GET"]}}],"collection":[{"href":"https:\/\/fcfm.uas.edu.mx\/index.php\/wp-json\/wp\/v2\/pages"}],"about":[{"href":"https:\/\/fcfm.uas.edu.mx\/index.php\/wp-json\/wp\/v2\/types\/page"}],"author":[{"embeddable":true,"href":"https:\/\/fcfm.uas.edu.mx\/index.php\/wp-json\/wp\/v2\/users\/1"}],"replies":[{"embeddable":true,"href":"https:\/\/fcfm.uas.edu.mx\/index.php\/wp-json\/wp\/v2\/comments?post=220"}],"version-history":[{"count":0,"href":"https:\/\/fcfm.uas.edu.mx\/index.php\/wp-json\/wp\/v2\/pages\/220\/revisions"}],"wp:attachment":[{"href":"https:\/\/fcfm.uas.edu.mx\/index.php\/wp-json\/wp\/v2\/media?parent=220"}],"curies":[{"name":"wp","href":"https:\/\/api.w.org\/{rel}","templated":true}]}}